{"id":12551,"date":"2022-03-24T16:23:01","date_gmt":"2022-03-24T14:23:01","guid":{"rendered":"https:\/\/www.gile.rs\/official\/?page_id=12551"},"modified":"2022-03-29T19:20:10","modified_gmt":"2022-03-29T17:20:10","slug":"podaci-za-identifikaciju","status":"publish","type":"page","link":"https:\/\/www.gile.rs\/official\/podaci-za-identifikaciju\/","title":{"rendered":"Podaci za identifikaciju"},"content":{"rendered":"\t\t<div data-elementor-type=\"wp-page\" data-elementor-id=\"12551\" class=\"elementor elementor-12551\" data-elementor-settings=\"[]\">\n\t\t\t\t\t\t<div class=\"elementor-inner\">\n\t\t\t\t\t\t\t<div class=\"elementor-section-wrap\">\n\t\t\t\t\t\t\t<section class=\"elementor-section elementor-top-section elementor-element elementor-element-74f5c0ea elementor-section-content-middle elementor-section-height-min-height elementor-section-boxed elementor-section-height-default elementor-section-items-middle\" data-id=\"74f5c0ea\" data-element_type=\"section\" data-settings=\"{&quot;background_background&quot;:&quot;classic&quot;}\">\n\t\t\t\t\t\t<div class=\"elementor-container elementor-column-gap-default\">\n\t\t\t\t\t\t\t<div class=\"elementor-row\">\n\t\t\t\t\t<div class=\"elementor-column elementor-col-100 elementor-top-column elementor-element elementor-element-43269423\" data-id=\"43269423\" data-element_type=\"column\">\n\t\t\t<div class=\"elementor-column-wrap elementor-element-populated\">\n\t\t\t\t\t\t\t<div class=\"elementor-widget-wrap\">\n\t\t\t\t\t\t<section class=\"elementor-section elementor-inner-section elementor-element elementor-element-4ab7a36a elementor-section-boxed elementor-section-height-default elementor-section-height-default\" data-id=\"4ab7a36a\" data-element_type=\"section\">\n\t\t\t\t\t\t<div class=\"elementor-container elementor-column-gap-default\">\n\t\t\t\t\t\t\t<div class=\"elementor-row\">\n\t\t\t\t\t<div class=\"elementor-column elementor-col-100 elementor-inner-column elementor-element elementor-element-7b924597\" data-id=\"7b924597\" data-element_type=\"column\">\n\t\t\t<div class=\"elementor-column-wrap elementor-element-populated\">\n\t\t\t\t\t\t\t<div class=\"elementor-widget-wrap\">\n\t\t\t\t\t\t<div class=\"elementor-element elementor-element-10cbfd9 elementor-widget elementor-widget-heading\" data-id=\"10cbfd9\" data-element_type=\"widget\" data-widget_type=\"heading.default\">\n\t\t\t\t<div class=\"elementor-widget-container\">\n\t\t\t<h5 class=\"elementor-heading-title elementor-size-default\">podaci za identifikaciju<\/h5>\t\t<\/div>\n\t\t\t\t<\/div>\n\t\t\t\t<div class=\"elementor-element elementor-element-e7a3791 elementor-widget elementor-widget-heading\" data-id=\"e7a3791\" data-element_type=\"widget\" data-widget_type=\"heading.default\">\n\t\t\t\t<div class=\"elementor-widget-container\">\n\t\t\t<h2 class=\"elementor-heading-title elementor-size-default\">CD Gile d.o.o.<\/h2>\t\t<\/div>\n\t\t\t\t<\/div>\n\t\t\t\t<div class=\"elementor-element-custom_font_size elementor-element-custom_line_height elementor-element-custom_font_family elementor-element-custom_font_weight elementor-element-custom_color elementor-element elementor-element-52a060a0 elementor-widget elementor-widget-text-editor\" data-id=\"52a060a0\" data-element_type=\"widget\" data-widget_type=\"text-editor.default\">\n\t\t\t\t<div class=\"elementor-widget-container\">\n\t\t\t\t\t\t\t\t<div class=\"elementor-text-editor elementor-clearfix\">\n\t\t\t\t<p>Adresa: Timo\u010dke Divizije 13, lokal 3, 11041 Beograd, Srbija<\/p><p>Dru\u0161tvo za trgovinu i usluge CD GILE D.O.O. Beograd-Vo\u017edovac<\/p><p>Mati\u010dni broj: 20886897<br \/>Poreski br.: 107869056<\/p><p>Pravni oblik: Dru\u0161tvo sa ograni\u010denom odgovorno\u0161\u0107u<\/p><p>\u00a0<\/p>\t\t\t\t\t<\/div>\n\t\t\t\t\t\t<\/div>\n\t\t\t\t<\/div>\n\t\t\t\t\t\t<\/div>\n\t\t\t\t\t<\/div>\n\t\t<\/div>\n\t\t\t\t\t\t\t\t<\/div>\n\t\t\t\t\t<\/div>\n\t\t<\/section>\n\t\t\t\t\t\t<\/div>\n\t\t\t\t\t<\/div>\n\t\t<\/div>\n\t\t\t\t\t\t\t\t<\/div>\n\t\t\t\t\t<\/div>\n\t\t<\/section>\n\t\t\t\t\t\t<\/div>\n\t\t\t\t\t\t<\/div>\n\t\t\t\t\t<\/div>\n\t\t","protected":false},"excerpt":{"rendered":"<p>podaci za identifikaciju CD Gile d.o.o. Adresa: Timo\u010dke Divizije 13, lokal 3, 11041 Beograd, Srbija Dru\u0161tvo za trgovinu i usluge CD GILE D.O.O. Beograd-Vo\u017edovac Mati\u010dni broj: 20886897Poreski br.: 107869056 Pravni oblik: Dru\u0161tvo sa ograni\u010denom odgovorno\u0161\u0107u \u00a0<\/p>\n","protected":false},"author":1,"featured_media":0,"parent":0,"menu_order":0,"comment_status":"closed","ping_status":"closed","template":"","meta":{"spay_email":"","footnotes":""},"class_list":["post-12551","page","type-page","status-publish","hentry"],"_links":{"self":[{"href":"https:\/\/www.gile.rs\/official\/wp-json\/wp\/v2\/pages\/12551","targetHints":{"allow":["GET"]}}],"collection":[{"href":"https:\/\/www.gile.rs\/official\/wp-json\/wp\/v2\/pages"}],"about":[{"href":"https:\/\/www.gile.rs\/official\/wp-json\/wp\/v2\/types\/page"}],"author":[{"embeddable":true,"href":"https:\/\/www.gile.rs\/official\/wp-json\/wp\/v2\/users\/1"}],"replies":[{"embeddable":true,"href":"https:\/\/www.gile.rs\/official\/wp-json\/wp\/v2\/comments?post=12551"}],"version-history":[{"count":85,"href":"https:\/\/www.gile.rs\/official\/wp-json\/wp\/v2\/pages\/12551\/revisions"}],"predecessor-version":[{"id":12756,"href":"https:\/\/www.gile.rs\/official\/wp-json\/wp\/v2\/pages\/12551\/revisions\/12756"}],"wp:attachment":[{"href":"https:\/\/www.gile.rs\/official\/wp-json\/wp\/v2\/media?parent=12551"}],"curies":[{"name":"wp","href":"https:\/\/api.w.org\/{rel}","templated":true}]}}